nds digit of 185025329?
5
What is the thousands digit of 625843908?
3
What is the thousands digit of 85262872?
2
What is the hundred thousands digit of 335571508?
5
What is the hundred millions digit of 1465789415?
4
What is the billions digit of 1363456959?
1
What is the units digit of 274472223?
3
What is the hundreds digit of 64932850?
8
What is the ten thousands digit of 45192872?
9
What is the millions digit of 45402688?
5
What is the hundred thousands digit of 852456234?
4
What is the thousands digit of 47818388?
8
What is the units digit of 7245965?
5
What is the tens digit of 37696629?
2
What is the units digit of 109390752?
2
What is the hundreds digit of 586789923?
9
What is the ten thousands digit of 136883682?
8
What is the hundreds digit of 3144972456?
4
What is the thousands digit of 1302367163?
7
What is the ten thousands digit of 23307528?
0
What is the units digit of 2077936581?
1
What is the thousands digit of 4387166?
7
What is the hundred thousands digit of 337818536?
8
What is the millions digit of 69972169?
9
What is the units digit of 105731389?
9
What is the tens digit of 78406964?
6
What is the tens digit of 78776912?
1
What is the hundred thousands digit of 1377096429?
0
What is the millions digit of 2182732?
2
What is the thousands digit of 902408220?
8
What is the tens digit of 21962501?
0
What is the hundreds digit of 94422043?
0
What is the thousands digit of 76522783?
2
What is the units digit of 343449149?
9
What is the thousands digit of 43973771?
3
What is the ten millions digit of 10081723?
1
What is the ten thousands digit of 62689197?
8
What is the thousands digit of 52522393?
2
What is the millions digit of 85343831?
5
What is the hundred millions digit of 1115863907?
1
What is the hundred millions digit of 694553530?
6
What is the millions digit of 70611330?
0
What is the millions digit of 162352357?
2
What is the ten millions digit of 80750553?
8
What is the units digit of 135737623?
3
What is the hundreds digit of 357505145?
1
What is the ten thousands digit of 265283?
6
What is the hundred thousands digit of 1967501391?
5
What is the thousands digit of 244751098?
1
What is the tens digit of 7498815?
1
What is the millions digit of 213442894?
3
What is the units digit of 27321232?
2
What is the millions digit of 78678646?
8
What is the ten millions digit of 36115878?
3
What is the hundred thousands digit of 7176715685?
7
What is the ten thousands digit of 4012515?
1
What is the ten millions digit of 188993846?
8
What is the ten thousands digit of 11501719?
0
What is the hundred thousands digit of 446044737?
0
What is the hundreds digit of 92077321?
3
What is the tens digit of 43683442?
4
What is the ten thousands digit of 80205161?
0
What is the ten thousands digit of 4985248831?
4
What is the tens digit of 135854707?
0
What is the thousands digit of 546742231?
2
What is the millions digit of 86927050?
6
What is the tens digit of 54174787?
8
What is the hundreds digit of 26708972?
9
What is the hundred thousands digit of 279880074?
8
What is the thousands digit of 1911310331?
0
What is the units digit of 133060044?
4
What is the millions digit of 41170095?
1
What is the units digit of 5080536922?
2
What is the ten thousands digit of 1235977435?
7
What is the units digit of 86134905?
5
What is the ten millions digit of 97355918?
9
What is the hundred thousands digit of 54136530?
1
What is the ten thousands digit of 1249101207?
0
What is the ten thousands digit of 460709675?
0
What is the ten millions digit of 212736177?
1
What is the tens digit of 1070088536?
3
What is the ten thousands digit of 229332896?
3
What is the millions digit of 3973314?
3
What is the ten millions digit of 880630521?
8
What is the millions digit of 5801700795?
1
What is the units digit of 44485530?
0
What is the units digit of 95870168?
8
What is the units digit of 152061474?
4
What is the hundreds digit of 553086982?
9
What is the tens digit of 41213040?
4
What is the hundreds digit of 757077980?
9
What is the hundred millions digit of 4132416350?
1
What is the hundreds digit of 207519445?
4
What is the hundred thousands digit of 33201850?
2
What is the hundred thousands digit of 2872049894?
0
What is the billions digit of 3639201427?
3
What is the thousands digit of 3554849023?
9
What is the tens digit of 4562339024?
2
What is the hundred thousands digit of 27214194?
2
What is the units digit of 72656652?
2
What is the ten millions digit of 181575420?
8
What is the hundred millions digit of 134938642?
1
What is the hundreds digit of 4734284694?
6
What is the hundred thousands digit of 33263737?
2
What is the ten thousands digit of 483960269?
6
What is the thousands digit of 38725088?
5
What is the tens digit of 588840480?
8
What is the hundred thousands digit of 487893979?
8
What is the millions digit of 114629281?
4
What is the millions digit of 213908457?
3
What is the hundred millions digit of 147576997?
1
What is the tens digit of 213433878?
7
What is the hundreds digit of 1215960057?
0
What is the tens digit of 608115676?
7
What is the ten thousands digit of 45210465?
1
What is the hundreds digit of 155281174?
1
What is the hundreds digit of 38118035?
0
What is the units digit of 2568239895?
5
What is the thousands digit of 175705790?
5
What is the ten millions digit of 4291041272?
9
What is the hundreds digit of 1911986689?
6
What is the millions digit of 823102553?
3
What is the units digit of 4588303614?
4
What is the tens digit of 118381061?
6
What is the hundreds digit of 232234187?
1
What is the hundred millions digit of 1004212008?
0
What is the hundred thousands digit of 28085332?
0
What is the ten thousands digit of 68283287?
8
What is the millions digit of 1257481303?
7
What is the ten thousands digit of 76799328?
9
What is the hundreds digit of 919192?
1
What is the tens digit of 17097588?
8
What is the hundred millions digit of 351165369?
3
What is the billions digit of 1461320346?
1
What is the millions digit of 13790272?
3
What is the ten millions digit of 128953519?
2
What is the thousands digit of 57492585?
2
What is the ten millions digit of 155940314?
5
What is the ten millions digit of 17131054?
1
What is the ten millions digit of 5040869828?
4
What is the hundred millions digit of 101821541?
1
What is the units digit of 644845231?
1
What is the tens digit of 20826441?
4
What is the thousands digit of 246626597?
6
What is the hundreds digit of 35389357?
3
What is the billions digit of 1946976969?
1
What is the billions digit of 4508995484?
4
What is the tens digit of 957413109?
0
What is the tens digit of 26061454?
5
What is the tens digit of 55502519?
1
What is the ten millions digit of 1798156442?
9
What is the ten thousands digit of 747150659?
5
What is the hundred thousands digit of 178389456?
3
What is the hundreds digit of 78689057?
0
What is the hundred thousands digit of 43310909?
3
What is the millions digit of 51450815?
1
What is the millions digit of 1759658224?
9
What is the tens digit of 464400955?
5
What is the hundreds digit of 1256410895?
8
What is the billions digit of 2420434440?
2
What is the ten thousands digit of 143779063?
7
What is the hundreds digit of 11090133?
1
What is the hundreds digit of 30690519?
5
What is the ten thousands digit of 3692324728?
2
What is the tens digit of 784900566?
6
What is the units digit of 651144389?
9
What is the tens digit of 2300193806?
0
What is the millions digit of 32974132?
2
What is the hundred thousands digit of 212285564?
2
What is the ten thousands digit of 3591846004?
4
What is the millions digit of 189298204?
9
What is the millions digit of 671412559?
1
What is the units digit of 14396147?
7
What is the thousands digit of 2174807659?
7
What is the ten millions digit of 410094108?
1
What is the hundreds digit of 1147906325?
3
What is the hundreds digit of 240912305?
3
What is the thousands digit of 2789102490?
2
What is the units digit of 9051857?
7
What is the thousands digit of 7535418?
5
What is the ten thousands digit of 25116338?
1
What is the hundred millions digit of 110728180?
1
What is the hundred millions digit of 966466869?
9
What is the tens digit of 80820552?
5
What is the thousands digit of 590747473?
7
What is the ten t